6311?
False
Is 48 a factor of 3454143552?
True
Is 9 a factor of 12069927?
True
Does 105 divide 22431360?
True
Is 154 a factor of 158756308?
False
Is 385584736 a multiple of 3486?
False
Is 4423377 a multiple of 45?
False
Does 152 divide 142310063?
False
Does 77 divide 8715230?
False
Does 20 divide 403800?
True
Is 23 a factor of 3400668342?
False
Does 1320 divide 183846376?
False
Is 2183 a factor of 1167797050?
False
Is 247 a factor of 36554294?
False
Is 3645394612 a multiple of 1385?
False
Does 163 divide 264548185?
True
Does 9 divide 10999040?
False
Does 23 divide 53062449?
True
Does 30 divide 63401645?
False
Is 8654127 a multiple of 13?
False
Is 17405893 a multiple of 518?
False
Is 11098130 a multiple of 1156?
False
Does 1350 divide 572620050?
True
Does 121 divide 61415728?
True
Is 2471419555 a multiple of 4506?
False
Is 6 a factor of 80956800?
True
Is 4365856222 a multiple of 802?
True
Is 49333852 a multiple of 872?
False
Is 4436326 a multiple of 83?
False
Is 2210764 a multiple of 76?
True
Is 5474568 a multiple of 8?
True
Does 954 divide 23678280?
True
Is 490 a factor of 271947588?
False
Does 4532 divide 3835745104?
False
Does 26 divide 209261680?
False
Does 162 divide 855478746?
True
Does 72 divide 305493848?
False
Is 703 a factor of 2196875?
True
Is 667 a factor of 46534559?
False
Is 176 a factor of 6907043616?
True
Is 532698264 a multiple of 14?
True
Does 722 divide 50392587?
False
Does 3088 divide 113422480?
False
Is 6 a factor of 19779472?
False
Does 160 divide 90196480?
True
Is 136 a factor of 676829568?
True
Is 156 a factor of 835955016?
True
Is 2909689957 a multiple of 7547?
False
Does 528 divide 49155744?
True
Is 25314960 a multiple of 688?
True
Is 1862531 a multiple of 22?
False
Is 28 a factor of 617269464?
True
Is 3696571320 a multiple of 65?
True
Is 14 a factor of 5274796?
False
Is 16695 a factor of 4080558510?
True
Does 1530 divide 241804260?
True
Is 241 a factor of 136885213?
False
Is 475884744 a multiple of 4?
True
Is 15 a factor of 14930370?
True
Is 1202 a factor of 402600284?
True
Does 51 divide 1560433246?
False
Is 13 a factor of 585239629?
True
Is 389 a factor of 33801766?
True
Is 48 a factor of 171763344?
True
Is 498727925 a multiple of 25?
True
Does 14 divide 23515?
False
Is 21595560 a multiple of 28?
True
Is 2891602135 a multiple of 26?
False
Is 1768079425 a multiple of 113?
False
Does 2081 divide 796361242?
True
Is 68 a factor of 7222920?
False
Does 308 divide 59450468?
True
Does 23 divide 126001674?
False
Does 73 divide 8810081?
False
Does 3 divide 15175169?
False
Does 20 divide 157436440?
True
Does 3 divide 21003498?
True
Is 7158294 a multiple of 429?
True
Does 131 divide 80738132?
False
Is 867 a factor of 168758082?
True
Does 733 divide 491125233?
False
Does 83 divide 2468572969?
True
Does 1156 divide 274493848?
False
Is 2 a factor of 2926724?
True
Is 319864221 a multiple of 26?
False
Is 70697100 a multiple of 1884?
True
Is 102 a factor of 82701048?
False
Does 128 divide 163978624?
True
Is 568262570 a multiple of 267?
False
Does 1165 divide 3018675?
False
Is 2608 a factor of 69414528?
True
Is 1201 a factor of 879362110?
False
Does 51 divide 5602416351?
True
Does 21 divide 28185780?
True
Does 14 divide 1355750?
False
Is 141 a factor of 3434653263?
True
Is 12692370 a multiple of 41?
True
Does 650 divide 47307182?
False
Does 75 divide 32773200?
True
Is 552583005 a multiple of 13?
True
Is 268 a factor of 1743341685?
False
Is 99939344 a multiple of 106?
True
Does 21 divide 250524228?
False
Is 1114441 a multiple of 7?
False
Does 111 divide 14247675?
False
Does 858 divide 625786106?
False
Does 198 divide 898068006?
True
Is 10 a factor of 125712281?
False
Is 35239830 a multiple of 3830?
True
Is 350261352 a multiple of 1064?
True
Does 789 divide 10703991?
False
Is 3 a factor of 6041716?
False
Is 187492770 a multiple of 9?
True
Is 35 a factor of 16711941?
False
Is 108882988 a multiple of 17?
False
Is 3604569464 a multiple of 1123?
True
Does 21 divide 1381392033?
True
Is 1220718980 a multiple of 30?
False
Is 84 a factor of 44537892?
True
Is 255087469 a multiple of 1079?
True
Is 294141200 a multiple of 29?
True
Is 4171746309 a multiple of 105?
False
Is 1365330914 a multiple of 134?
False
Is 7506475 a multiple of 5?
True
Is 279948460 a multiple of 4972?
True
Is 1356134286 a multiple of 481?
True
Is 5 a factor of 23892095?
True
Is 18296800 a multiple of 50?
True
Is 1773368530 a multiple of 10?
True
Does 238 divide 813246968?
False
Is 3452 a factor of 478212327?
False
Is 407153832 a multiple of 1324?
True
Is 80 a factor of 77887925?
False
Does 15 divide 18359865?
True
Does 25 divide 5880829300?
True
Is 27736988 a multiple of 62?
False
Is 1163138563 a multiple of 1680?
False
Is 280667979 a multiple of 564?
False
Is 78 a factor of 3021096?
True
Does 298 divide 146208710?
False
Does 2406 divide 273196488?
True
Does 2443 divide 52216180?
False
Is 4382 a factor of 375660096?
True
Is 36868544 a multiple of 8?
True
Is 151 a factor of 790022518?
False
Is 257826903 a multiple of 32?
False
Does 1138 divide 22111340?
True
Is 621 a factor of 58454599?
False
Is 7167454 a multiple of 1450?
False
Is 34119669 a multiple of 32?
False
Is 12957010 a multiple of 1342?
True
Is 4082 a factor of 113989850?
True
Does 458 divide 17650650?
False
Is 9 a factor of 4051918?
False
Does 2848 divide 531935200?
True
Is 447 a factor of 7570839?
True
Does 8 divide 13552960?
True
Is 507396470 a multiple of 1015?
True
Is 961222080 a multiple of 480?
True
Is 30106355 a multiple of 916?
False
Does 15 divide 216840397?
False
Is 11 a factor of 38994858?
False
Is 3 a factor of 22268718?
True
Is 74 a factor of 2427644?
True
Is 9 a factor of 671134597?
False
Is 614 a factor of 778726058?
False
Is 115 a factor of 3203892?
False
Is 3849990 a multiple of 510?
True
Is 192 a factor of 5300346048?
True
Does 53 divide 53544234?
False
Does 48 divide 862247760?
True
Does 87 divide 182736105?
True
Is 2061800 a multiple of 26?
True
Is 18808180 a multiple of 5?
True
Is 562 a factor of 35912362?
True
Does 70 divide 194459020?
True
Is 1035144 a multiple of 4?
True
Does 405 divide 265417560?
True
Does 24 divide 133657353?
False
Does 150 divide 45700863?
False
Is 9 a factor of 576875223?
True
Is 639936636 even?
True
Does 1836 divide 2528273669?
False
Does 1581 divide 983517966?
True
Is 113 a factor of 2344009059?
True
Does 1594 divide 45545362?
True
Does 22 divide 117138362?
True
Is 3 a factor of 308458253?
False
Is 403 a factor of 5986162?
True
Is 3 a factor of 9976458?
True
Is 1358 a factor of 9712416?
True
Does 413 divide 591043997?
False
Is 109983470 a multiple of 90?
False
Is 26 a factor of 221187083?
False
Does 24 divide 3016152?
True
Is 26792667 a multiple of 1251?
True
Does 399 divide 9641209?
False
Is 1004 a factor of 47534556?
False
Is 22772169 a multiple of 189?
False
Does 430 divide 627974267?
False
Does 1610 divide 411886300?
True
Is 60121824 a multiple of 588?
True
Is 33 a factor of 205457340?
True
Does 8 divide 43443704?
True
Is 90937124 a multiple of 46?
True
Is 941433000 a multiple of 12?
True
Does 124 divide 12437003?
False
Does 1612 divide 46275744?
False
Is 9182635 a multiple of 798?
False
Is 21 a factor of 27472725?
True
Is 233 a factor of 28350042?
True
Is 134 a factor of 35298950?
True
Is 33 a factor of 419802900?
True
Does 11 divide 38354085?
True
Is 78 a factor of 2075448?
False
Is 559 a factor of 170406678?
True
Is 73728168 a multiple of 45?
False
Is 17 a factor of 264597293?
False
Is 70 a factor of 96376000?
True
Is 6913 a factor of 2693328193?
False
Does 614 divide 56283795?
False
Is 2117 a factor of 11910242?
True
Is 94084932 a multiple of 29?
True
Is 135847596 a multiple of 12?
True
Is 84689600 a multiple of 4100?
True
Does 1320 divide 329098440?
True
Does 149 divide 84805138?
True
Does 18 divide 12348954?
True
Is 18558703 a multiple of 608?
False
Is 33 a factor of 23943909?
True
Does 6 divide 241693279?
False
Does 100 divide 126591512?
False
Does 28 divide 76405644?
True
Does 1492 divide 845287806?
False
Is 2141 a factor of 2030886?
False
Does 44 divide 2029752?
False
Is 13 a factor of 1362732670?
True
Is 146978363 a multiple of 712?
False
Is 166218226 a multiple of 86?
False
Does 343 divide 278178488?
True
Is 264 a factor of 2115696?
True
Is 139865434 a